 5, 31
Suppose 242 = 4*m - t, -3*m + 8*m + t = 298. What are the prime factors of 74740/m + 1*(-2)/(-6)?
2, 7, 89
Let h be (3/(-6))/(2/(-28)). Let v(q) = 6*q - 38. Let g be v(h). Suppose g*k = -2*k + 546. What are the prime factors of k?
7, 13
Let i(u) = u**3 - 2*u**2 - 4*u + 6. Let s = 30 + -27. Let m be i(s). Suppose d - 251 = -m*h, 5*d - h - 636 = 587. What are the prime factors of d?
5, 7
Let g = 4810 - 4697. Let r = -203 + 413. Let i = r - g. List the prime factors of i.
97
Let y(x) = -748*x**3 + 5*x**2 + 16*x + 39. List the prime factors of y(-3).
2, 3, 281
Let x be -1 - (6/2 + -35). Let h = 37 - x. List the prime factors of (h - -55)*(0 - -1).
61
Suppose 91*p + 26275 = 56*p + 60*p. What are the prime factors of p?
1051
Suppose 45*r - 162 = 43*r. Suppose 80*v - 671 = -5*h + r*v, v = -4*h + 535. What are the prime factors of h?
2, 67
Suppose 6421*a = 6480*a - 5204095. List the prime factors of a.
5, 13, 23, 59
Let l(v) = -28*v**3 + v**2 - v. Let r be l(-1). Let s be (-1)/(-2) + (-22)/(-4). Let g = s + r. What are the prime factors of g?
2, 3
Let r be 76/(-19) + (-4)/(-2). Let h be (-2 - (38 - 4))/((-3)/r). Let o(c) = -c - 17. List the prime factors of o(h).
7
Let r = 25 - 5. Suppose -6*t = -11*t + r. Suppose t*c - 15 = 33. What are the prime factors of c?
2, 3
Suppose -10*h = -8*h - 794. Let i = h - 137. List the prime factors of i.
2, 5, 13
Let m be (22/4 + -6)*18. Suppose 5*a - 1 - 289 = 0. Let z = a + m. List the prime factors of z.
7
Let d(i) = 5*i**3 - 21*i**2 - 7*i + 103. What are the prime factors of d(9)?
2, 31
Let f = 82 + -62. Suppose 2*l - p = 3*p + f, -10 = -2*l + 2*p. Suppose 4*j + 119 = -3*d + 536, l = -4*j - d + 411. List the prime factors of j.
2, 3, 17
Let v = -98 + 101. Let g(l) = -7*l**2 + l**v + 16 - 10 + l**2 + 11*l. What are the prime factors of g(7)?
2, 3, 11
Let z(a) = 60*a**2 - 1135*a - 104. What are the prime factors of z(31)?
3, 7457
Suppose 2*y - v - 29613 = 5499, -v + 17553 = y. What are the prime factors of y?
5, 3511
Let m be (-78)/(-8) + (-24)/32. Suppose 0*u + 3*z = -u + m, 5*z = u + 7. Suppose -u*b + 0*b = -h + 184, 4*h - 710 = -b. What are the prime factors of h?
2, 89
Let o(v) = -17*v - 63 + 30*v + 21*v. Let n be o(13). Suppose -y + 115 = -5*s, -4*y = -y + 2*s - n. List the prime factors of y.
5
Let j(m) = -37*m + 83. Let d(v) = -39*v + 83. Let g(y) = -7*d(y) + 6*j(y). What are the prime factors of g(8)?
5, 13
Let u = -63 + 64. What are the prime factors of -5 - (5 + u - (769 + 6))?
2, 191
Suppose -6*s + 36 = 2*r - 5*s, r - 20 = -s. List the prime factors of (r/64)/((-427)/428 + 1).
107
Let z(h) = -h - 13. Let i be z(-7). Let a = i + 10. Suppose -a*q + 0*q + 5*l + 121 = 0, -q = -l - 31. What are the prime factors of q?
2, 17
Let w = 729 - 750. What are the prime factors of -177*(1001/w)/13?
11, 59
Let j(s) = -7*s**2 + 7*s + 7. Let n(o) = o**2 + o - 1. Let q(c) = j(c) + 6*n(c). Suppose 4*b + b - 35 = 0. List the prime factors of q(b).
43
Suppose 160*y - 92 = 158*y. Suppose 27 = 49*j - y*j. Let d(r) = 11*r + 21. What are the prime factors of d(j)?
2, 3, 5
Suppose -15*h + 26027 = 8732. List the prime factors of h.
1153
Let f = 290 - 290. Suppose -6*b + 442 + 236 = f. What are the prime factors of b?
113
Suppose -4*n - 22 = -y - 4, 26 = 5*y - 4*n. Suppose -4 = -2*w, -461 = -2*m - y*w - 127. Suppose 0 = 2*r + r - m. What are the prime factors of r?
5, 11
Let r(b) = 2*b**2 - 132*b + 773. What are the prime factors of r(106)?
19, 487
Let n = 188 - 181. Let r be 14/7 + 1 + 2. Suppose 0 = -r*q + n*q - 248. List the prime factors of q.
2, 31
Suppose 3*n - 38 = 1. Suppose -n*a = -6*a + 5684. List the prime factors of a/(-11) - ((-27)/(-33) - 1).
2, 37
Suppose 3*q - 6913 = 5*v, 13*q - 10*q + 4*v - 6976 = 0. What are the prime factors of q?
2, 3, 193
Let b(d) = -d**3 + 14*d**2 + 16*d - 13. Let s be 217/14 + 2/(-4). Let p be b(s). Let l(z) = 3*z. What are the prime factors of l(p)?
2, 3
List the prime factors of (-6264)/12*(-168)/16.
3, 7, 29
Suppose -a + 27 = 60. Suppose -28 = -0*r + 2*r. Let v = r - a. What are the prime factors of v?
19
Suppose 0*p = 2*p - 22. Suppose -5*r - p = -26. List the prime factors of 38*((-3)/r - -2).
2, 19
Suppose -41*x + 38*x + 17290 = t, 0 = -2*t - 4*x + 34570. List the prime factors of t.
5, 691
Suppose -133*p = 5*r - 134*p - 88236, 0 = -2*r + 5*p + 35299. What are the prime factors of r?
7, 2521
Suppose 4*f = -h + 52, f + 3 - 16 = -3*h. Suppose 5*l - 5*b = 4285, 4*b - f = 3*l - 2580. List the prime factors of l.
3, 7, 41
Suppose 17*b = 63 - 1712. Let c = 122 + b. List the prime factors of c.
5
Suppose 0 = -4*u + 156 - 136. Suppose -4*c - 193 + 1313 = 5*k, -896 = -4*k - u*c. List the prime factors of -1 + 2 + (k - 20).
5, 41
Suppose -y + 49 = -4*n, 4*y - 4*n + 158 = 6*y. Suppose -3*j = -5*r - 381 - y, 3*r = -j + 136. Suppose 107 = 2*a - j. List the prime factors of a.
2, 3, 7
Let t(q) = -11*q - 3. Let r(h) = 1. Let s(c) = -r(c) + t(c). Let g be s(-1). Let o(u) = 2*u**2 - 7*u + 11. List the prime factors of o(g).
2, 3, 5
Let a(n) = -4*n + 47. Let r = -99 + 101. Let l be 11 - (3 + (1 - r)). List the prime factors of a(l).
11
Let q be ((-5)/((-30)/4))/((-2)/(-6)). Let o(x) = -961 + x**3 - x + 958 + 2*x**3 + 4*x**q. List the prime factors of o(3).
3, 37
Suppose -14*h = -274173 + 23349. List the prime factors of h.
2, 3, 1493
Suppose 80*l - 18*l = 207638. What are the prime factors of l?
17, 197
List the prime factors of 51*(-541)/(-9) - ((-204)/18)/(-17).
5, 613
Let j(g) = -g**3 + 16*g**2 + 26*g - 29. Suppose 3*w - 2 = -t, 0*t - 105 = -5*t + 4*w. List the prime factors of j(t).
2, 31
Let u = 5071 + 6481. List the prime factors of u.
2, 19
Suppose -114*b = -17*b - 1535704. What are the prime factors of b?
2, 1979
Let t(o) = 63*o**2 - 116*o - 905. List the prime factors of t(-7).
2, 3, 499
What are the prime factors of (2221/3)/(18*14/9072)?
2, 3, 2221
What are the prime factors of 972/(-108) - (-1)/((-2)/(-89894))?
2, 22469
Let g = 543 + -106. Suppose -896 = -4*c + 4*j, 2*c = -0*c + j + 446. Suppose b - g = -4*h, 2*h + 5*b - c - 19 = 0. What are the prime factors of h?
2, 3
Suppose 257*t - 261*t + 1100 = 0. Suppose 5*v + 18 = 23. Suppose 5*p + 2*l = t, -p + 2*l = -54 - v. List the prime factors of p.
5, 11
Suppose -3*w - 4*p - 29 + 13 = 0, -38 = 4*w + 2*p. List the prime factors of 16347/39 - w/(-78).
419
Let i = 27197 - 14000. List the prime factors of i.
3, 53, 83
Let i be ((-37)/(-2))/((-3)/(-24)). Let l be ((-1)/(1/((-356)/(-4))))/1. Let p = l + i. What are the prime factors of p?
59
Let j(k) = -40*k - 20. Let m(g) = 13*g + 7. Let i(y) = 2*y - 34. Let f be i(22). Let o(h) = f*m(h) + 3*j(h). List the prime factors of o(9).
2, 5
Let w(g) = 36*g**2 - 23*g + 1. Let r(s) = 36*s**2 - 22*s + 2. Let x(h) = 6*r(h) - 5*w(h). List the prime factors of x(3).
2, 5, 7
Let u = -57 - -65. List the prime factors of 2712/(-4 + u) + -1.
677
Let b = -1342 - -3040. List the prime factors of b.
2, 3, 283
Suppose 51 = d - 5*m + 15, d - 72 = -4*m. Let f be 354/14 + (-16)/d. Suppose f*c + 278 = 27*c. What are the prime factors of c?
139
Let s be (-40)/(0 + -4)*2/4. Suppose s*r - 11 = -16. List the prime factors of 0 - -1 - 19*r.
2, 5
Let p = 83 - 92. List the prime factors of 243 + 10 + 5 + p.
3, 83
Suppose 12610 = m - 5*b, -5*b + 11043 = 3*m - 26767. List the prime factors of m.
5, 2521
List the prime factors of (22/(-2))/(51/(-28509)) - (-4)/1.
3, 7, 293
Let b = 39 + -34. Suppose -b*p + 1315 = -1200. What are the prime factors of p?
503
Let m = 186536 - 124580. What are the prime factors of m?
2, 3, 1721
Let r(o) = -343*o + 7903. What are the prime factors of r(-6)?
7, 1423
Let j(v) = 3*v**2 - 63*v**3 - 6*v + 5*v**2 + 66*v**3 + 20. Let l be j(-8). List the prime factors of l/(-14) + 8/28*-1.
2, 17
Suppose -u - 12*l - 250 = -4*l, 0 = u + l + 222. Let h = u - -1078. What are the prime factors of h?
2, 5, 43
Let q(p) = p**3 + 8*p**2 - 7*p + 20. Let i be q(-9). Let a be (i - 9)*(-18)/42. Suppose 561 = a*x + 159. List the prime factors of x.
2, 67
Suppose -12198 = -2*t - 21*b + 19*b, -3*b = -5*t + 30479. What are the prime factors of t?
7, 13, 67
Let f be ((-4)/(-12) + -1)*-27. Let h be 91*(f/14 - 1). Suppose h = t - 85. List the prime factors of t.
3, 37
Let u(n) = 184*n + 61. Let i be u(2). Let d = i + -33